. List the prime factors of f.
7
Suppose -4*b - 4 = -2*b. What are the prime factors of 2 + (4 + b)/1?
2
Let y = -9 + 134. Suppose -4*v + y = v. What are the prime factors of v?
5
Let k = 15 + 1. What are the prime factors of k?
2
Let u = -3 - -6. Suppose -z - 6 = -u*z. What are the prime factors of z?
3
Suppose 2*c = 4*c - p - 93, 4*p = 20. What are the prime factors of c?
7
Let x = -9 + 13. Suppose -w = -x*b - 22, 50 = 5*w - 0*b - 5*b. List the prime factors of w.
2, 3
Let x(j) = -j**3 - j**2 - j + 7. Let q be x(0). What are the prime factors of 133/28*(q + 1)?
2, 19
Suppose -3*d - d = -8. Let x = d + 0. What are the prime factors of x?
2
Suppose 3*u = -f + 162, 5*u = 4*f + 3*u - 606. What are the prime factors of f?
3, 17
Let c be (2/4)/(2/20). Suppose c*j + 5*o = 95, -5*j + 4*o = -2*j - 22. Let f = j + -7. List the prime factors of f.
7
Let f(u) = 5*u + 1. Let i be f(1). Let q be i*3/((-6)/(-5)). Suppose -j - 2*j = -q. List the prime factors of j.
5
Suppose -14 = -5*k - 54. What are the prime factors of (-2)/(2/k*1)?
2
Suppose 27 = 5*p + 2. Suppose -r - 32 = -p*r. What are the prime factors of r?
2
Let d(p) = 2*p. Let r be d(-2). Let l(u) = -u**3 - 5*u**2 - 5*u + 1. Let z be l(r). Let k = z + -2. What are the prime factors of k?
3
Suppose -2*j = -8*j + 288. List the prime factors of j.
2, 3
Let w = -8 + 11. Let a be (2/1 - -1)/1. Suppose -l - 2 - w = 0, -l + 22 = a*b. List the prime factors of b.
3
Let p be ((-2)/(-4))/((-1)/18). Let c = -7 - p. Suppose 54 = 7*o - 3*o + c*k, 0 = -3*k + 15. What are the prime factors of o?
11
Let p(v) = v**3 - 3*v**2 + 4*v + 10. List the prime factors of p(6).
2, 71
Let u be 6/33 + 163/11. Suppose -40 = -4*c + w + w, -2*w + u = c. What are the prime factors of c?
11
Suppose 2 = -2*b - 2. List the prime factors of 20 + (5 + b)/3.
3, 7
Suppose 2*u = -2*u + 2*q - 54, 0 = 2*u - 3*q + 17. Let k = u - -56. List the prime factors of k.
2, 5
Let n = -24 - -66. List the prime factors of n.
2, 3, 7
Let b be 4/((-4)/3 - -2). What are the prime factors of (-19)/(-3) + (-2)/b?
2, 3
Suppose 10*s - 5*s = 70. Let a = s + -7. What are the prime factors of a?
7
Suppose 3*i + 6 = 0, 5*l + 3 - 6 = -i. List the prime factors of 25 + (0 - (l + 1)).
23
Let l be (-414)/(-12)*8/6. Let t = l - 26. List the prime factors of t.
2, 5
Suppose 0 = -5*g - 24 - 231. Let s = -29 - g. What are the prime factors of s?
2, 11
Suppose -2*o + 140 = -i + 6*i, 3*i - 84 = -3*o. List the prime factors of i.
2, 7
Let x(o) = -4*o + 5 - o**2 - o**2 + o**2 + 2*o**2. What are the prime factors of x(7)?
2, 13
Suppose 160 = -8*u + 13*u. List the prime factors of u.
2
Let s be 4/1*(-177)/(-12). Suppose 2*m - 16 = -3*u + 31, -4*m = -u - s. What are the prime factors of m?
2
Suppose 4*r - 3*r + 45 = 0. List the prime factors of r/(-5) + -1 + -1.
7
Let t = -3 + 5. Let d(y) = -5 + y + y**3 + y + 2. List the prime factors of d(t).
3
Let m(r) = 2*r**3 + 16*r**2 - 10*r - 13. What are the prime factors of m(-8)?
67
Let r(c) = c**2 + 5*c - 9. Let z be r(-7). Suppose z*b - 3*b - 4 = 0. List the prime factors of b.
2
Suppose 3 + 0 = s. Suppose 16 = 2*o - 4*w, s*w - 72 = -4*o + w. What are the prime factors of o?
2
Let q = 16 - 0. Let w = 30 - q. List the prime factors of w.
2, 7
Suppose 4*u - u = 105. List the prime factors of u.
5, 7
Let d be (-15)/(-12) - 3/(-4). What are the prime factors of 54/4*d/3?
3
Suppose 16 = 4*y, -3*s + y + 130 - 41 = 0. What are the prime factors of s?
31
Suppose -a + 11 = -21. What are the prime factors of a?
2
Let k(d) be the first derivative of -d**3/3 - 5*d**2/2 - 4*d - 1. Let i be k(-4). Suppose c - 7 - 1 = i. List the prime factors of c.
2
Let g(n) = n**3 - 11*n**2 - 10*n - 20. List the prime factors of g(12).
2
Let h(s) = -s**3 + 2*s**2 - 1. Let m be h(-1). Let n(i) = -i**3 + 4*i**2 - 4*i + 2. What are the prime factors of n(m)?
2
Suppose -500 = 3*b - 8*b. Let y = b + -68. What are the prime factors of y?
2
List the prime factors of -41*3*(-10)/30.
41
Suppose 6*p - 2 = 5*p. Suppose -5*k - 5*r + 2*r + 188 = 0, -p*r + 187 = 5*k. List the prime factors of k.
37
Let z = 25 + -17. Suppose 5*r - z = 2. What are the prime factors of r/(-5) + (-64)/(-10)?
2, 3
What are the prime factors of (-5 + 11)*8/3?
2
Suppose -2 = -p + 3*p - 2*y, p = -2*y - 10. List the prime factors of (-4)/16 - 61/p.
3, 5
Let p = -32 + 99. List the prime factors of p.
67
What are the prime factors of 44/6*(36 - 0)/6?
2, 11
Let c(x) = 3*x**2 + 1. Let q be c(-1). Suppose 4*l = 8 + q. Suppose f + 3 = -4*m + 7, 3*f + l*m = 12. What are the prime factors of f?
2
Let q(s) = 5*s + 4. Let x(z) = 11*z + 7. Let l(d) = -9*q(d) + 4*x(d). Let w be l(-5). List the prime factors of (-1 - w)*(-2 - -3).
2
Let r(j) be the second derivative of 0 - 1/6*j**3 + 8*j**2 + j. List the prime factors of r(0).
2
Suppose 2*b - 17 = b. Let r = b + -12. Suppose -14 = -3*j - h + 21, -r*h = 5*j - 55. List the prime factors of j.
2, 3
Let n(l) = l**3 - 9*l**2 + 5*l - 20. What are the prime factors of n(10)?
2, 5, 13
Suppose -3*k + 86 = -4. What are the prime factors of k?
2, 3, 5
Suppose 4*f + 3*i + 0*i = -26, 0 = -f + 4*i + 3. What are the prime factors of ((-1)/3)/(f/165)?
11
Let y be -1 - -5 - (2 - 1). Suppose m - 6 = -4*v, 2*v + y*m - 3 + 5 = 0. Suppose 5*p - 2 = -v*j + p, -3*p = -5*j + 70. List the prime factors of j.
11
Let y = -48 + -1. Let l = 73 + y. Suppose -4*d = 5*a - l, -3*d = -6*d + 4*a + 18. List the prime factors of d.
2, 3
Let u = -66 - -188. What are the prime factors of u?
2, 61
Let v = 256 - -2. List the prime factors of v.
2, 3, 43
Suppose -3*z + 3*s + 2*s = -26, 2*z + 4*s = -12. Suppose -3*m - 8 = -z*k, -3*m + 8*m = -2*k - 40. Let u(b) = -b**2 - 6*b + 5. List the prime factors of u(m).
5
Let a(b) = 35*b**2 - 2*b - 6. What are the prime factors of a(-2)?
2, 3, 23
Let b = -58 + 95. List the prime factors of b.
37
Let v(q) = q**3 - 7*q**2 + 8*q + 4. List the prime factors of v(6).
2
List the prime factors of (1 - -37) + (3 - 6).
5, 7
Let w = 37 - 11. What are the prime factors of w?
2, 13
Suppose -235 = -u - z, -u + 199 = -5*z - 24. List the prime factors of u.
233
Suppose 0 = -3*q + 3*w + 105, -30 + 77 = q - 4*w. List the prime factors of q.
31
Suppose 2*q - 7*q = -3*f - 67, -5*f - 4*q - 87 = 0. Let k = f + 32. What are the prime factors of k?
13
Suppose -9*o + 6*o + 585 = 0. List the prime factors of o.
3, 5, 13
Let r be (-3)/2*(-20)/6. Suppose 0*u + 45 = u + r*l, -4*l + 40 = u. Suppose 0 = 5*o - 10 - u. List the prime factors of o.
2, 3
Let i(n) = -n**2 + 34*n - 56. What are the prime factors of i(26)?
2, 19
Let m(i) = -8*i - 1. Let y be m(-1). Let x = 9 - y. Suppose -20 = -2*d - x. What are the prime factors of d?
3
Let v(t) = t**2 + 6*t + 8. Let j = -1 + -5. What are the prime factors of v(j)?
2
List the prime factors of (-8)/(144/(-1629)) - (-1)/2.
7, 13
Let n(i) = 14*i**2 - 3*i - 3. List the prime factors of n(-2).
59
What are the prime factors of (-48)/(-1 - -4)*(-3 - -1)?
2
Let i(w) = -3*w**3 + 1. Let f be i(-1). Suppose 2*h = f*h. Suppose 4*v = -0*t + 2*t + 6, -5*v + 4*t = h. What are the prime factors of v?
2
Let k = -126 + 241. What are the prime factors of k?
5, 23
Let d(k) = -9*k - 14 + k + 14. Suppose -3*q - 1 = 5. List the prime factors of d(q).
2
Suppose 2079 = 17*u - 8*u. What are the prime factors of u?
3, 7, 11
Let a = -16 - 5. Let q = -13 - a. List the prime factors of q.
2
Suppose -t - a = 4*t - 205, 0 = -5*t - 4*a + 190. Suppose -r + 5*r + 40 = 4*x, 4*x = 5*r + t. List the prime factors of x.
2
Let g be (0 - -1)*(11 - 0). Suppose 0 = 3*s - 5*l + g, l + 9 + 2 = 5*s. What are the prime factors of s?
3
Let j = 28 + -21. Suppose 5*v - 7 + 2 = 0. Suppose -v = k - j. List the prime factors of k.
2, 3
Let l(p) = -p**3 - 5*p**2 + 6*p + 2. Let t be l(-6). Let f be (-1 + -1)/(1 - t). Suppose 0*y - f*s = -y, s = 4. List the prime factors of y.
2
What are the prime factors of ((-73)/(-3))/((-7)/(-21))?
73
Suppose 0 = 5*h - 1161 + 206. What are the prime factors of h?
191
Suppose -3*r + 0*r + 49 = 4*i, 12 = r - 3*i. Let k be (-246)/(2 - (-1)/(-1)). List the prime factors of 6/(-15) - k/r.
2
Suppose 4*p + z = -2*z + 9, -4*z = -4*p + 16. Suppose 5*a + t = 10, 0 = -p*a + 4*t - 14 - 3. List the prime factors of 2*a/(-2) + 14.
13
Let a(i) = i + 2. Let f be a(2). Suppose -2